{"id":4503,"date":"2024-10-10T08:40:58","date_gmt":"2024-10-10T08:40:58","guid":{"rendered":"https:\/\/link-store.tn\/?post_type=product&#038;p=4503"},"modified":"2024-10-10T08:56:33","modified_gmt":"2024-10-10T08:56:33","slug":"montre-connecte-hoco-y5-pro","status":"publish","type":"product","link":"https:\/\/link-store.tn\/?product=montre-connecte-hoco-y5-pro","title":{"rendered":"Montre Connect\u00e9 Hoco Y5 PRO"},"content":{"rendered":"<ul>\n<li><b>Smart Watch Hoco Y5 Pro<br \/>\n<\/b><\/li>\n<li><strong>Ecran :<\/strong> <strong>Tactile<\/strong> 1,85 pouces (240&#215;282 pixels) TFT<\/li>\n<li><strong>Syst\u00e8me d&rsquo;exploitation : <\/strong>Android<\/li>\n<li><strong>Connectivit\u00e9 :<\/strong> Bluetooth 5.0<\/li>\n<li><strong>Capacit\u00e9 de la<\/strong>\u00a0<strong>Batterie :<\/strong> 240mAh<\/li>\n<li><strong>Autonomie<\/strong> : 7 jours pour un Bluetooth simple et 2 jours pour un Bluetooth double<\/li>\n<li><strong>Capteurs<\/strong> : Prise en charge de la pouss\u00e9e d&rsquo;informations, surveillance de la fr\u00e9quence cardiaque\/oxyg\u00e8ne sanguin\/sommeil, modes sportifs multiples, photographie \u00e0 distance, m\u00e9t\u00e9o et autres fonctions.<\/li>\n<li><strong>Etanch\u00e9 IP68 <\/strong><\/li>\n<li><strong>Couleur :<\/strong> Noir<\/li>\n<li><strong>Garantie :<\/strong> 1 an<\/li>\n<\/ul>\n","protected":false},"excerpt":{"rendered":"<ul>\n<li><b>Smart Watch Hoco Y5 Pro<br \/>\n<\/b><\/li>\n<li><strong>Ecran :<\/strong> <strong>Tactile<\/strong> 1,85 pouces (240&#215;282 pixels) TFT<\/li>\n<li><strong>Syst\u00e8me d&rsquo;exploitation : <\/strong>Android<\/li>\n<li><strong>Connectivit\u00e9 :<\/strong> Bluetooth 5.0<\/li>\n<li><strong>Capacit\u00e9 de la<\/strong>\u00a0<strong>Batterie :<\/strong> 240mAh<\/li>\n<li><strong>Autonomie<\/strong> : 7 jours pour un Bluetooth simple et 2 jours pour un Bluetooth double<\/li>\n<li><strong>Capteurs<\/strong> : Prise en charge de la pouss\u00e9e d&rsquo;informations, surveillance de la fr\u00e9quence cardiaque\/oxyg\u00e8ne sanguin\/sommeil, modes sportifs multiples, photographie \u00e0 distance, m\u00e9t\u00e9o et autres fonctions.<\/li>\n<li><strong>Etanch\u00e9 IP68 <\/strong><\/li>\n<li><strong>Couleur :<\/strong> Noir<\/li>\n<li><strong>Garantie :<\/strong> 1 an<\/li>\n<\/ul>\n","protected":false},"featured_media":4505,"template":"","meta":{"rank_math_lock_modified_date":false},"product_cat":[94,76],"product_tag":[],"class_list":{"0":"post-4503","1":"product","2":"type-product","3":"status-publish","4":"has-post-thumbnail","6":"product_cat-montre_connectee","7":"product_cat-smartwatch","8":"product_brand-hoco","10":"first","11":"instock","12":"taxable","13":"shipping-taxable","14":"purchasable","15":"product-type-simple","16":"col-xs-6 col-sm-4","17":"col-md-3 col-lg-3","18":"un-4-cols"},"jetpack_sharing_enabled":true,"_links":{"self":[{"href":"https:\/\/link-store.tn\/index.php?rest_route=\/wp\/v2\/product\/4503","targetHints":{"allow":["GET"]}}],"collection":[{"href":"https:\/\/link-store.tn\/index.php?rest_route=\/wp\/v2\/product"}],"about":[{"href":"https:\/\/link-store.tn\/index.php?rest_route=\/wp\/v2\/types\/product"}],"wp:featuredmedia":[{"embeddable":true,"href":"https:\/\/link-store.tn\/index.php?rest_route=\/wp\/v2\/media\/4505"}],"wp:attachment":[{"href":"https:\/\/link-store.tn\/index.php?rest_route=%2Fwp%2Fv2%2Fmedia&parent=4503"}],"wp:term":[{"taxonomy":"product_cat","embeddable":true,"href":"https:\/\/link-store.tn\/index.php?rest_route=%2Fwp%2Fv2%2Fproduct_cat&post=4503"},{"taxonomy":"product_tag","embeddable":true,"href":"https:\/\/link-store.tn\/index.php?rest_route=%2Fwp%2Fv2%2Fproduct_tag&post=4503"}],"curies":[{"name":"wp","href":"https:\/\/api.w.org\/{rel}","templated":true}]}}