{"id":4908,"date":"2024-10-15T11:54:02","date_gmt":"2024-10-15T11:54:02","guid":{"rendered":"https:\/\/link-store.tn\/?post_type=product&#038;p=4908"},"modified":"2024-10-15T12:00:30","modified_gmt":"2024-10-15T12:00:30","slug":"subwoffer-ndr-12","status":"publish","type":"product","link":"https:\/\/link-store.tn\/?product=subwoffer-ndr-12","title":{"rendered":"SUBWOFFER NDR-12"},"content":{"rendered":"<ul>\n<li>Version Bluetooth: V5.0<\/li>\n<li>Distance Bluetooth:&gt;10m<\/li>\n<li>Fonction: USB, carte TF, avec Bluetooth, affichage, FM, bo\u00eete de couleur, chargeur 9V, petite t\u00e9l\u00e9commande, TWS, microphone sans fil, chariot, roues, lumi\u00e8res de couleur<\/li>\n<li>Klaxon: 12 pouces 80z Bass + Bobine Treble<\/li>\n<li>Puissance: 5 boutons 40W\/puissance cr\u00eate: 1500W<\/li>\n<li>Capacit\u00e9 de la batterie: 7.4V\/1800mAh<\/li>\n<li>Taille du produit: 350*300*550mm<\/li>\n<li>Poids: 5.9 KG<\/li>\n<li>Paquet: Microphone sans fil\/T\u00e9l\u00e9commande\/Adaptateur\/Manuel d&rsquo;utilisation<\/li>\n<\/ul>\n","protected":false},"excerpt":{"rendered":"<ul>\n<li>Version Bluetooth: V5.0<\/li>\n<li>Distance Bluetooth:&gt;10m<\/li>\n<li>Fonction: USB, carte TF, avec Bluetooth, affichage, FM, bo\u00eete de couleur, chargeur 9V, petite t\u00e9l\u00e9commande, TWS, microphone sans fil, chariot, roues, lumi\u00e8res de couleur<\/li>\n<li>Klaxon: 12 pouces 80z Bass + Bobine Treble<\/li>\n<li>Puissance: 5 boutons 40W\/puissance cr\u00eate: 1500W<\/li>\n<li>Capacit\u00e9 de la batterie: 7.4V\/1800mAh<\/li>\n<li>Taille du produit: 350*300*550mm<\/li>\n<li>Poids: 5.9 KG<\/li>\n<li>Paquet: Microphone sans fil\/T\u00e9l\u00e9commande\/Adaptateur\/Manuel d&rsquo;utilisation<\/li>\n<\/ul>\n","protected":false},"featured_media":4909,"template":"","meta":{"rank_math_lock_modified_date":false},"product_cat":[74],"product_tag":[],"class_list":{"0":"post-4908","1":"product","2":"type-product","3":"status-publish","4":"has-post-thumbnail","6":"product_cat-photo_son","7":"product_brand-link-store","9":"first","10":"instock","11":"taxable","12":"shipping-taxable","13":"purchasable","14":"product-type-simple","15":"col-xs-6 col-sm-4","16":"col-md-3 col-lg-3","17":"un-4-cols"},"jetpack_sharing_enabled":true,"_links":{"self":[{"href":"https:\/\/link-store.tn\/index.php?rest_route=\/wp\/v2\/product\/4908","targetHints":{"allow":["GET"]}}],"collection":[{"href":"https:\/\/link-store.tn\/index.php?rest_route=\/wp\/v2\/product"}],"about":[{"href":"https:\/\/link-store.tn\/index.php?rest_route=\/wp\/v2\/types\/product"}],"wp:featuredmedia":[{"embeddable":true,"href":"https:\/\/link-store.tn\/index.php?rest_route=\/wp\/v2\/media\/4909"}],"wp:attachment":[{"href":"https:\/\/link-store.tn\/index.php?rest_route=%2Fwp%2Fv2%2Fmedia&parent=4908"}],"wp:term":[{"taxonomy":"product_cat","embeddable":true,"href":"https:\/\/link-store.tn\/index.php?rest_route=%2Fwp%2Fv2%2Fproduct_cat&post=4908"},{"taxonomy":"product_tag","embeddable":true,"href":"https:\/\/link-store.tn\/index.php?rest_route=%2Fwp%2Fv2%2Fproduct_tag&post=4908"}],"curies":[{"name":"wp","href":"https:\/\/api.w.org\/{rel}","templated":true}]}}